 0 = -4*y + 850 - r. List the prime factors of y.
2, 3, 17
Suppose 4*d = -7 - 1, 2*x + 3*d - 6 = 0. Let i be (-1)/(-6) + (83/6 - 5). Let b = i + x. What are the prime factors of b?
3, 5
List the prime factors of ((-4850)/(-6))/((-39)/(-117)).
5, 97
Let u(n) = -n**2 - 2*n + 2. Let q be u(2). List the prime factors of (-1)/((q/(-93))/(-2)).
31
Suppose 21492 = 13*v + 5*v. List the prime factors of v.
2, 3, 199
Suppose g + 2*h = 177 + 410, 0 = 4*g + 4*h - 2356. List the prime factors of g.
3, 197
Let a(u) = -2*u**2 + u**2 - 2 - 2 + 1. Let d be a(0). What are the prime factors of ((-4)/d)/((-12)/(-198))?
2, 11
Let g(k) = k + 3. Let f(o) = o + 21. Let i(q) = q**2 - 13*q + 12. Let p be i(11). Let w be f(p). List the prime factors of g(w).
2, 7
Suppose 0 = 5*y - 19 - 6. Suppose -t + 9*w - y*w = -105, -2*t - 3*w + 221 = 0. What are the prime factors of t?
109
Suppose q = 7*q - 1098. List the prime factors of q.
3, 61
Let p = -20 + 18. List the prime factors of 18*(p/12)/(4/(-8)).
2, 3
Let r(c) = -c - 4. Let v(i) = 2*i + 12. Let k(q) = -8*r(q) - 3*v(q). Let d be k(3). Let o(t) = t**3 - t**2 + t + 2. What are the prime factors of o(d)?
2
Let q be (10/4)/(3/6). List the prime factors of 2/10*q*64.
2
What are the prime factors of 4052/2 + (-13 - 1) + 15?
2027
Let m(j) = -j**3 - 4*j**2 + 3*j + 6. Let q(d) = -d**3 + 7*d**2 + 9*d - 12. Let y be q(8). Let h be m(y). List the prime factors of 18/27 + (-116)/h.
2, 5
Let n be 4 - ((2 - 0) + 0). Suppose 0 = n*w + w + 783. List the prime factors of w/(-12) - (-9)/(-12).
3, 7
Let f(b) be the third derivative of b**5/60 + b**4/24 + 2*b**3 - 18*b**2. List the prime factors of f(8).
2, 3, 7
Let u(g) = -2*g**3 - 21*g**2 - 42*g - 21. What are the prime factors of u(-12)?
3, 5, 61
Let s(x) = -x**3 + 5*x**2 + 3. Suppose 9*c - 5 = 8*c. Let y be s(c). Suppose y*q + 67 = 217. List the prime factors of q.
2, 5
Suppose -12*o + 400 = -7*o. What are the prime factors of o?
2, 5
Let z(x) = -x**3 + 19*x**2 - 4*x + 4. Let g be z(18). Suppose -5*u = 11 - g. List the prime factors of u.
7
Suppose 5*s - 13 = 7. Suppose -s = -n - n. What are the prime factors of n + 1/(-1)*-14?
2
Let o(h) be the first derivative of -h**2 + 2*h + 5. Let k be o(0). What are the prime factors of 3 - 12/(k - 4)?
3
Let y = -325 + 536. Let z = 10 + y. List the prime factors of z.
13, 17
Let x(c) = -12*c - 2. Let l be x(-1). What are the prime factors of l*(-15)/(-10)*1?
3, 5
Suppose -184*z = -195*z + 17325. List the prime factors of z.
3, 5, 7
Let t = 1989 + -1411. What are the prime factors of t?
2, 17
Let m(j) = 13*j - 15. Let g be m(-16). Let x = -140 - g. List the prime factors of x.
83
Suppose 0 = -4*b + 16, 0*l + 4*l - 5*b + 20 = 0. Suppose 4*k = 4*n - 12 - l, -n + 4 = 0. What are the prime factors of 30 + (-1)/(k/2)?
2, 7
Let l = 48 - 48. Suppose -4*g + 247 - 47 = l. List the prime factors of g.
2, 5
Let h(r) = r**2 - 4*r + 1. Let m be h(4). Suppose 90*z = 92*z - 100. Suppose m = -x + z. List the prime factors of x.
7
Let c = 31 - 29. Suppose k = c*k - 10. Let t = 1 + k. What are the prime factors of t?
11
Let o(j) = j + 6. Let g be o(-2). Suppose f = g*v - 113, -v + 0*v + 7 = 4*f. What are the prime factors of v?
3
Let b(u) = 12*u**2 + u + 3. Let c be b(-3). Suppose 0 = -3*s + s + 168. Suppose -6*o + c = -s. What are the prime factors of o?
2
Suppose 3*b - 8*b + 10 = 0. Let s(n) = -n**2 - 3*n**2 + 4*n**2 - n - n**b - 18*n**3 - 1. List the prime factors of s(-1).
17
Let z be 2 + 9 - 3/(-3). Suppose -z*l + l + 792 = 0. What are the prime factors of l?
2, 3
Suppose 13232 = 2*q - 10*q. What are the prime factors of (q/(-8) - -1) + 10/40?
2, 13
Let n(z) = -z**3 + z**2 + 8*z - 4. Let u be n(3). Let x(m) = 26*m + 5. List the prime factors of x(u).
3, 19
Suppose 18*w - 27*w = -4158. What are the prime factors of w?
2, 3, 7, 11
Let d = 21 - 21. Let m(l) = -l**3 - l**2 + l - 5. Let i be m(d). List the prime factors of (356/(-20) + 4)*i.
3, 23
Let v = -22 + 58. What are the prime factors of (364/21 - 6)/(2/v)?
2, 3, 17
What are the prime factors of (20/((-40)/(-17)))/((-1)/(-284))?
2, 17, 71
Let c(l) = l**2 + 10*l + 3. Let v be c(-4). Let u = v + 37. What are the prime factors of u?
2
Let b(w) = -2*w**3 + 4*w**2 + 3*w + 3. Let h be b(5). Let m(a) = -2*a**2 + 8*a - 5. Let v be m(3). What are the prime factors of (-1)/(v*3/h)?
2, 11
List the prime factors of (-3235)/(-30)*(-22 + 28).
647
Suppose -5*i - 490 = -f, -3*i = 4*f - i - 1938. What are the prime factors of f?
5, 97
Let i(q) = -q**3 + 4*q + 2. Let m be i(-3). Suppose 12*w - m*w = -225. What are the prime factors of w?
3, 5
Suppose 51 = 5*x - 19. Suppose -x = -g + 7. Let m = 34 - g. List the prime factors of m.
13
Let l be ((-48)/28)/(1/7). Let t be (-4)/l*21 + -2. Let g(a) = 11*a + 10. What are the prime factors of g(t)?
5, 13
Let l = 7 + -5. Suppose -l*t = t + 180. List the prime factors of t/(-18)*(-9)/(-2).
3, 5
List the prime factors of 8/(-6) - -1 - (-319358)/519.
3, 5, 41
Let s(m) = -m + 15. Suppose -2*t - j + 9 = 0, 0 = -2*t - j - 2*j + 19. Suppose 12 = t*q + 3*x, -2*x = 3*q - 2 - 6. List the prime factors of s(q).
3, 5
Suppose 24*v = 6291 + 8637. What are the prime factors of v?
2, 311
Suppose -6*g + 5*g = 0. Let s = g + 5. Suppose 19 = -s*a + 54. What are the prime factors of a?
7
Let o(c) = 3*c + 51. Let t be o(-13). Suppose -t*p + 510 = -7*p. List the prime factors of p.
2, 3, 17
Let l be ((-102)/17)/(2/1). List the prime factors of 0 - -219 - ((-4)/(-1) + l).
2, 109
Let i(q) = q**2 + 4*q + 10. Let t = 14 + -1. Let x = -21 + t. List the prime factors of i(x).
2, 3, 7
Let z be ((-4)/(-16))/(6/72). Suppose 4*x - 232 + 23 = v, 0 = z*x - v - 158. List the prime factors of x.
3, 17
Suppose 85*y + 32880 = 97*y. What are the prime factors of y?
2, 5, 137
Let s(n) = n**3 + 3*n**2 + 2*n + 9. List the prime factors of s(6).
3, 5, 23
Suppose 54*z - 58*z + 632 = 0. List the prime factors of z.
2, 79
Let s = 28 - 36. List the prime factors of (-1646)/s + (-2)/(-8).
2, 103
Let p(c) = -109*c - 83. Let z be p(-10). Let r = -708 + z. List the prime factors of r.
13, 23
Suppose -4*f + 22 = 2*i, 2*i + 2*i - 3*f - 77 = 0. Suppose 0 = 4*p + i - 121. What are the prime factors of p?
2, 13
List the prime factors of 344/12*((-3 - -22) + -4).
2, 5, 43
Let u(w) be the first derivative of -w**4/4 - 2*w**3 - 5*w**2/2 + w - 8. List the prime factors of u(-7).
5, 17
Suppose 2*v + 24 = 5*h + 5, -4*h = 5*v - 35. Suppose 0*i = -v*i + 96. List the prime factors of i.
2
Let l = -429 + 3016. What are the prime factors of l?
13, 199
Suppose 0 = -2*n + 3 + 5. Let a be ((-170)/(-2))/1 - n. Suppose a = 2*k - 3*h, 0 = k - 3*k - 4*h + 88. List the prime factors of k.
2, 3, 7
Let j be (0/(-2))/(3 + -5). Let a(q) = 7*q - 3*q + 1 + j*q. List the prime factors of a(7).
29
Suppose 5*b - 2*b - 15 = 0. Suppose -t + 3*h = -38, 2*t - 38 = 3*h + 32. Suppose b*w + 5*p - 45 - 25 = 0, -2*w - 3*p = -t. List the prime factors of w.
2, 5
Let v = -11 - -19. Let q be (-108)/(-26) - v/52. Suppose 0 = 5*u - q*b - 37, 2*b = -3*u + 18 + 13. List the prime factors of u.
3
Let z be 41 - (2 - (-2 - 0)). Suppose -4*j = -9*j + 2*n - 89, -4*j = n + 66. Let h = j + z. List the prime factors of h.
2, 5
Let n(o) = -51*o**3 + o**2 - o - 1. What are the prime factors of n(-1)?
2, 13
Suppose 3*f + 4*y = 448, 0*y = f + 4*y - 152. Suppose 4*u - x = f, -4*x - 12 - 25 = -u. Suppose 0 = -3*p + 205 - u. List the prime factors of p.
2, 7
Let l = 7 + -6. What are the prime factors of 56 + 10 + 0/l?
2, 3, 11
Let j = 5 + -20. List the prime factors of j/20 - (-231)/4.
3, 19
Let l = 3645 - 2246. Suppose 5*x = -284 + l. List the prime factors of x.
223
Suppose 2 = -2*c - 5*v, 10 = 4*c - 2*v - 34. Let l = c + -7. What are the prime factors of ((-19)/l)/((-2)/4)?
19
Suppose 3*h = -i + 1117, i + 10*h = 14*h + 1145. List the prime factors of i.
1129
Let v(g) = g**2 - g + 1. Let k be v(2). Suppose 3*r + r + 5*w = -164, -k*r - 123 = -4*w. Let t = -30 - r. What are the prime factors of t?
11
List the prime factors of (-1 + 4/2 - 1) + 127.
127
Suppose -2*u + 3*m + 150 = 0, -u + 125 = -5*m + 50. List the prime factors of u.
3, 5
Let a = 367 - 108. What are the prime factors of a?
7, 37
Suppose 3*p - 4*g - 16 = p, -5*p - 2*g + 4 = 0. Suppose -y - y + 5*j + 81 = 0, -4*y + 202 = -p*j. List